{"id":14170,"date":"2017-05-28T16:59:36","date_gmt":"2017-05-28T14:59:36","guid":{"rendered":"http:\/\/www.liegenatation.be\/Web\/?page_id=14170"},"modified":"2025-06-15T22:43:31","modified_gmt":"2025-06-15T20:43:31","slug":"prix-dentree","status":"publish","type":"page","link":"http:\/\/www.liegenatation.be\/Web\/prix-dentree\/","title":{"rendered":"Prix d&#8217;entr\u00e9e"},"content":{"rendered":"<p style=\"text-align: center;\"><span style=\"font-family: 'comic sans ms', sans-serif; font-size: 14pt;\"><strong>Pr\u00e9sentez-vous&nbsp;\u00e0 la caf\u00e9t\u00e9ria pour avoir acc\u00e8s au bassin.<\/strong><\/span><\/p>\n<p>&nbsp;<\/p>\n<h1 style=\"text-align: center;\"><span style=\"color: #ff0000;\"><strong>Uniquement par abonnement <\/strong><\/span><\/h1>\n<h1 style=\"text-align: center;\"><span style=\"color: #ff0000;\"><strong>75 \u20ac pour 10 bains<br>60 \u20ac pour les habitants de Crisn\u00e9e<br><\/strong><\/span><span style=\"color: #ff0000;\"><strong>(valable 6 mois)<\/strong><\/span><\/h1>\n\n","protected":false},"excerpt":{"rendered":"<p>Pr\u00e9sentez-vous&nbsp;\u00e0 la caf\u00e9t\u00e9ria pour avoir acc\u00e8s au bassin. &nbsp; Uniquement par abonnement 75 \u20ac pour 10 bains60 \u20ac pour les habitants de Crisn\u00e9e(valable 6 mois)<\/p>\n","protected":false},"author":2,"featured_media":0,"parent":0,"menu_order":6,"comment_status":"closed","ping_status":"closed","template":"","meta":{"ngg_post_thumbnail":0,"footnotes":""},"class_list":["post-14170","page","type-page","status-publish","hentry"],"_links":{"self":[{"href":"http:\/\/www.liegenatation.be\/Web\/wp-json\/wp\/v2\/pages\/14170","targetHints":{"allow":["GET"]}}],"collection":[{"href":"http:\/\/www.liegenatation.be\/Web\/wp-json\/wp\/v2\/pages"}],"about":[{"href":"http:\/\/www.liegenatation.be\/Web\/wp-json\/wp\/v2\/types\/page"}],"author":[{"embeddable":true,"href":"http:\/\/www.liegenatation.be\/Web\/wp-json\/wp\/v2\/users\/2"}],"replies":[{"embeddable":true,"href":"http:\/\/www.liegenatation.be\/Web\/wp-json\/wp\/v2\/comments?post=14170"}],"version-history":[{"count":9,"href":"http:\/\/www.liegenatation.be\/Web\/wp-json\/wp\/v2\/pages\/14170\/revisions"}],"predecessor-version":[{"id":22463,"href":"http:\/\/www.liegenatation.be\/Web\/wp-json\/wp\/v2\/pages\/14170\/revisions\/22463"}],"wp:attachment":[{"href":"http:\/\/www.liegenatation.be\/Web\/wp-json\/wp\/v2\/media?parent=14170"}],"curies":[{"name":"wp","href":"https:\/\/api.w.org\/{rel}","templated":true}]}}