{"id":11675,"date":"2015-04-18T17:01:14","date_gmt":"2015-04-18T16:01:14","guid":{"rendered":"http:\/\/www.liegenatation.be\/Web\/?post_type=tribe_events&amp;p=11675"},"modified":"2015-04-18T17:01:14","modified_gmt":"2015-04-18T16:01:14","slug":"journee-des-100-metres","status":"publish","type":"tribe_events","link":"http:\/\/www.liegenatation.be\/Web\/event\/journee-des-100-metres\/","title":{"rendered":"Journ\u00e9e des 100 m\u00e8tres"},"content":{"rendered":"<p>Comme l\u2019ann\u00e9e derni\u00e8re, le District LNL engagera une s\u00e9lection \u00e0 la journ\u00e9e des 100 m\u00e8tres \u00e0\u00a0Diekirch. La s\u00e9lection a \u00e9t\u00e9 faite sur les champions de district par cat\u00e9gorie. La comp\u00e9tition se\u00a0d\u00e9roulera le jeudi 14 mai 2015.<br \/>\nLes nageurs sont pris en charge toute la journ\u00e9e et nous assurons le repas de midi.<br \/>\nL\u2019ordre des courses : le matin : 100 m Papillon, 100 m Brasse, 100 m Dos;<br \/>\nl\u2019apr\u00e8s midi : 100 m Nage Libre, 100 m 4 Nages.<\/p>\n<p><a href=\"http:\/\/www.liegenatation.be\/Web\/wp-content\/uploads\/2015\/04\/2015-Diekirch-s\u00e9lection-LNL.pdf\">2015 Diekirch s\u00e9lection LNL<\/a><\/p>\n<p><a href=\"http:\/\/www.liegenatation.be\/Web\/wp-content\/uploads\/2015\/04\/20150514-Inscriptions-Nageurs-DLNL-par-courses-Diekirch.pdf\">20150514 Inscriptions Nageurs DLNL par courses Diekirch<\/a><\/p>\n<p><a href=\"http:\/\/www.liegenatation.be\/Web\/wp-content\/uploads\/2015\/04\/20150514-Inscriptions-Nageurs-DLNL-Diekirch.pdf\">20150514 Inscriptions Nageurs DLNL Diekirch<\/a><\/p>\n<p><a href=\"http:\/\/www.liegenatation.be\/Web\/wp-content\/uploads\/2015\/04\/20150514-Diekirch-invit-et-r\u00e8glement.pdf\">20150514 Diekirch invit et r\u00e8glement<\/a><\/p>\n<p>&nbsp;<\/p>\n","protected":false},"excerpt":{"rendered":"<p>Comme l\u2019ann\u00e9e derni\u00e8re, le District LNL engagera une s\u00e9lection \u00e0 la journ\u00e9e des 100 m\u00e8tres \u00e0\u00a0Diekirch. La s\u00e9lection a \u00e9t\u00e9 faite sur les champions de district par cat\u00e9gorie. La comp\u00e9tition &hellip; <\/p>\n<p class=\"link-more\"><a href=\"http:\/\/www.liegenatation.be\/Web\/event\/journee-des-100-metres\/\" class=\"more-link\">Continuer la lecture<span class=\"screen-reader-text\"> de &laquo;&nbsp;Journ\u00e9e des 100 m\u00e8tres&nbsp;&raquo;<\/span><\/a><\/p>\n","protected":false},"author":2,"featured_media":0,"template":"","meta":{"ngg_post_thumbnail":0,"_tribe_events_status":"","_tribe_events_status_reason":"","footnotes":""},"tags":[],"tribe_events_cat":[],"class_list":["post-11675","tribe_events","type-tribe_events","status-publish","hentry"],"_links":{"self":[{"href":"http:\/\/www.liegenatation.be\/Web\/wp-json\/wp\/v2\/tribe_events\/11675","targetHints":{"allow":["GET"]}}],"collection":[{"href":"http:\/\/www.liegenatation.be\/Web\/wp-json\/wp\/v2\/tribe_events"}],"about":[{"href":"http:\/\/www.liegenatation.be\/Web\/wp-json\/wp\/v2\/types\/tribe_events"}],"author":[{"embeddable":true,"href":"http:\/\/www.liegenatation.be\/Web\/wp-json\/wp\/v2\/users\/2"}],"version-history":[{"count":0,"href":"http:\/\/www.liegenatation.be\/Web\/wp-json\/wp\/v2\/tribe_events\/11675\/revisions"}],"wp:attachment":[{"href":"http:\/\/www.liegenatation.be\/Web\/wp-json\/wp\/v2\/media?parent=11675"}],"wp:term":[{"taxonomy":"post_tag","embeddable":true,"href":"http:\/\/www.liegenatation.be\/Web\/wp-json\/wp\/v2\/tags?post=11675"},{"taxonomy":"tribe_events_cat","embeddable":true,"href":"http:\/\/www.liegenatation.be\/Web\/wp-json\/wp\/v2\/tribe_events_cat?post=11675"}],"curies":[{"name":"wp","href":"https:\/\/api.w.org\/{rel}","templated":true}]}}

Journée des 100 mètres

<p>Comme l’année dernière, le District LNL engagera une sélection à la journée des 100 mètres à Diekirch. La sélection a été faite sur les champions de district par catégorie. La compétition se déroulera le jeudi 14 mai 2015.<br />
Les nageurs sont pris en charge toute la journée et nous assurons le repas de midi.<br />
L’ordre des courses : le matin : 100 m Papillon, 100 m Brasse, 100 m Dos;<br />
l’après midi : 100 m Nage Libre, 100 m 4 Nages.</p>
<p><a href="http://www.liegenatation.be/Web/wp-content/uploads/2015/04/2015-Diekirch-sélection-LNL.pdf">2015 Diekirch sélection LNL</a></p>
<p><a href="http://www.liegenatation.be/Web/wp-content/uploads/2015/04/20150514-Inscriptions-Nageurs-DLNL-par-courses-Diekirch.pdf">20150514 Inscriptions Nageurs DLNL par courses Diekirch</a></p>
<p><a href="http://www.liegenatation.be/Web/wp-content/uploads/2015/04/20150514-Inscriptions-Nageurs-DLNL-Diekirch.pdf">20150514 Inscriptions Nageurs DLNL Diekirch</a></p>
<p><a href="http://www.liegenatation.be/Web/wp-content/uploads/2015/04/20150514-Diekirch-invit-et-règlement.pdf">20150514 Diekirch invit et règlement</a></p>
<p>&nbsp;</p>

<p>Comme l’année dernière, le District LNL engagera une sélection à la journée des 100 mètres à Diekirch. La sélection a été faite sur les champions de district par catégorie. La compétition &hellip; </p>
<p class="link-more"><a href="http://www.liegenatation.be/Web/event/journee-des-100-metres/" class="more-link">Continuer la lecture<span class="screen-reader-text"> de &laquo;&nbsp;Journée des 100 mètres&nbsp;&raquo;</span></a></p>
