{"id":12224,"date":"2015-09-15T08:58:25","date_gmt":"2015-09-15T07:58:25","guid":{"rendered":"http:\/\/www.liegenatation.be\/Web\/?post_type=tribe_events&amp;p=12224"},"modified":"2015-09-15T08:58:25","modified_gmt":"2015-09-15T07:58:25","slug":"reunion-pre-saison-competition","status":"publish","type":"tribe_events","link":"http:\/\/www.liegenatation.be\/Web\/event\/reunion-pre-saison-competition\/","title":{"rendered":"R\u00e9union pr\u00e9-saison comp\u00e9tition"},"content":{"rendered":"<p><strong><u>Vendredi 18 septembre \u00e0 17h15 \u00e0 la caf\u00e9t\u00e9ria<\/u><\/strong><\/p>\n<p>REUNION DE REPRISE POUR TOUS LES PARENTS DES GROUPES PRECOMPETITION (YORIS) ET COMPETITION (ERIC ET ANDRE)<\/p>\n<p>OBJET\u00a0:<\/p>\n<p>&#8211; objectifs de la saison 2015-2016<\/p>\n<p>&#8211; calendrier octobre-novembre-d\u00e9cembre 2015<\/p>\n<p>&#8211; comp\u00e9titions du club (aide \u00e0 l\u2019oganisation)<\/p>\n<p>&nbsp;<\/p>\n<p>La pr\u00e9sence de chacun est vivement souhait\u00e9e.<\/p>\n<p>&nbsp;<\/p>\n<p>Andr\u00e9, Eric et Yoris<\/p>\n","protected":false},"excerpt":{"rendered":"<p>Vendredi 18 septembre \u00e0 17h15 \u00e0 la caf\u00e9t\u00e9ria REUNION DE REPRISE POUR TOUS LES PARENTS DES GROUPES PRECOMPETITION (YORIS) ET COMPETITION (ERIC ET ANDRE) OBJET\u00a0: &#8211; objectifs de la saison &hellip; <\/p>\n<p class=\"link-more\"><a href=\"http:\/\/www.liegenatation.be\/Web\/event\/reunion-pre-saison-competition\/\" class=\"more-link\">Continuer la lecture<span class=\"screen-reader-text\"> de &laquo;&nbsp;R\u00e9union pr\u00e9-saison comp\u00e9tition&nbsp;&raquo;<\/span><\/a><\/p>\n","protected":false},"author":2,"featured_media":0,"template":"","meta":{"ngg_post_thumbnail":0,"_tribe_events_status":"","_tribe_events_status_reason":"","footnotes":""},"tags":[],"tribe_events_cat":[],"class_list":["post-12224","tribe_events","type-tribe_events","status-publish","hentry"],"_links":{"self":[{"href":"http:\/\/www.liegenatation.be\/Web\/wp-json\/wp\/v2\/tribe_events\/12224","targetHints":{"allow":["GET"]}}],"collection":[{"href":"http:\/\/www.liegenatation.be\/Web\/wp-json\/wp\/v2\/tribe_events"}],"about":[{"href":"http:\/\/www.liegenatation.be\/Web\/wp-json\/wp\/v2\/types\/tribe_events"}],"author":[{"embeddable":true,"href":"http:\/\/www.liegenatation.be\/Web\/wp-json\/wp\/v2\/users\/2"}],"version-history":[{"count":0,"href":"http:\/\/www.liegenatation.be\/Web\/wp-json\/wp\/v2\/tribe_events\/12224\/revisions"}],"wp:attachment":[{"href":"http:\/\/www.liegenatation.be\/Web\/wp-json\/wp\/v2\/media?parent=12224"}],"wp:term":[{"taxonomy":"post_tag","embeddable":true,"href":"http:\/\/www.liegenatation.be\/Web\/wp-json\/wp\/v2\/tags?post=12224"},{"taxonomy":"tribe_events_cat","embeddable":true,"href":"http:\/\/www.liegenatation.be\/Web\/wp-json\/wp\/v2\/tribe_events_cat?post=12224"}],"curies":[{"name":"wp","href":"https:\/\/api.w.org\/{rel}","templated":true}]}}

Réunion pré-saison compétition

<p><strong><u>Vendredi 18 septembre à 17h15 à la cafétéria</u></strong></p>
<p>REUNION DE REPRISE POUR TOUS LES PARENTS DES GROUPES PRECOMPETITION (YORIS) ET COMPETITION (ERIC ET ANDRE)</p>
<p>OBJET :</p>
<p>&#8211; objectifs de la saison 2015-2016</p>
<p>&#8211; calendrier octobre-novembre-décembre 2015</p>
<p>&#8211; compétitions du club (aide à l’oganisation)</p>
<p>&nbsp;</p>
<p>La présence de chacun est vivement souhaitée.</p>
<p>&nbsp;</p>
<p>André, Eric et Yoris</p>

<p>Vendredi 18 septembre à 17h15 à la cafétéria REUNION DE REPRISE POUR TOUS LES PARENTS DES GROUPES PRECOMPETITION (YORIS) ET COMPETITION (ERIC ET ANDRE) OBJET : &#8211; objectifs de la saison &hellip; </p>
<p class="link-more"><a href="http://www.liegenatation.be/Web/event/reunion-pre-saison-competition/" class="more-link">Continuer la lecture<span class="screen-reader-text"> de &laquo;&nbsp;Réunion pré-saison compétition&nbsp;&raquo;</span></a></p>
