{"id":12246,"date":"2015-10-02T20:38:39","date_gmt":"2015-10-02T19:38:39","guid":{"rendered":"http:\/\/www.liegenatation.be\/Web\/?post_type=tribe_events&amp;p=12246"},"modified":"2015-10-02T20:38:39","modified_gmt":"2015-10-02T19:38:39","slug":"grand-prix-de-la-ville-de-huy-2","status":"publish","type":"tribe_events","link":"http:\/\/www.liegenatation.be\/Web\/event\/grand-prix-de-la-ville-de-huy-2\/","title":{"rendered":"Grand Prix de la ville de Huy"},"content":{"rendered":"<p>Avant programme :\u00a0<a href=\"http:\/\/www.liegenatation.be\/Web\/wp-content\/uploads\/2015\/10\/20151024-GP-Huy-AP.pdf\" target=\"_blank\">20151024-GP-Huy-AP.pdf<\/a><\/p>\n<p><a href=\"http:\/\/www.liegenatation.be\/Web\/wp-content\/uploads\/2015\/10\/20151024-GP-Huy-AP.pdf\" target=\"_blank\"><img loading=\"lazy\" decoding=\"async\" class=\"alignleft wp-image-11073\" src=\"http:\/\/www.liegenatation.be\/Web\/wp-content\/uploads\/2015\/01\/Demandez-le-programme.jpg\" alt=\"Demandez le programme\" width=\"316\" height=\"234\" \/><\/a><\/p>\n<p>&nbsp;<\/p>\n<p>&nbsp;<\/p>\n<p>&nbsp;<\/p>\n<p>&nbsp;<\/p>\n<p>&nbsp;<\/p>\n<p>&nbsp;<\/p>\n<p>&nbsp;<\/p>\n<p>08h00 Ouverture des portes et d\u00e9but de l\u2019\u00e9chauffement<br \/>\n08h30 R\u00e9union des d\u00e9l\u00e9gu\u00e9s \u2013 Formation du Jury<br \/>\n09h00 D\u00e9but de la comp\u00e9tition<\/p>\n<p>13h00\u00a0Ouverture des portes et d\u00e9but de l\u2019\u00e9chauffement<br \/>\n13h30\u00a0R\u00e9union des d\u00e9l\u00e9gu\u00e9s \u2013 Formation du Jury<br \/>\n14h00\u00a0D\u00e9but de la comp\u00e9tition<\/p>\n<p>&nbsp;<\/p>\n","protected":false},"excerpt":{"rendered":"<p>Avant programme :\u00a020151024-GP-Huy-AP.pdf &nbsp; &nbsp; &nbsp; &nbsp; &nbsp; &nbsp; &nbsp; 08h00 Ouverture des portes et d\u00e9but de l\u2019\u00e9chauffement 08h30 R\u00e9union des d\u00e9l\u00e9gu\u00e9s \u2013 Formation du Jury 09h00 D\u00e9but de la &hellip; <\/p>\n<p class=\"link-more\"><a href=\"http:\/\/www.liegenatation.be\/Web\/event\/grand-prix-de-la-ville-de-huy-2\/\" class=\"more-link\">Continuer la lecture<span class=\"screen-reader-text\"> de &laquo;&nbsp;Grand Prix de la ville de Huy&nbsp;&raquo;<\/span><\/a><\/p>\n","protected":false},"author":2,"featured_media":0,"template":"","meta":{"ngg_post_thumbnail":0,"_tribe_events_status":"","_tribe_events_status_reason":"","footnotes":""},"tags":[],"tribe_events_cat":[],"class_list":["post-12246","tribe_events","type-tribe_events","status-publish","hentry"],"_links":{"self":[{"href":"http:\/\/www.liegenatation.be\/Web\/wp-json\/wp\/v2\/tribe_events\/12246","targetHints":{"allow":["GET"]}}],"collection":[{"href":"http:\/\/www.liegenatation.be\/Web\/wp-json\/wp\/v2\/tribe_events"}],"about":[{"href":"http:\/\/www.liegenatation.be\/Web\/wp-json\/wp\/v2\/types\/tribe_events"}],"author":[{"embeddable":true,"href":"http:\/\/www.liegenatation.be\/Web\/wp-json\/wp\/v2\/users\/2"}],"version-history":[{"count":0,"href":"http:\/\/www.liegenatation.be\/Web\/wp-json\/wp\/v2\/tribe_events\/12246\/revisions"}],"wp:attachment":[{"href":"http:\/\/www.liegenatation.be\/Web\/wp-json\/wp\/v2\/media?parent=12246"}],"wp:term":[{"taxonomy":"post_tag","embeddable":true,"href":"http:\/\/www.liegenatation.be\/Web\/wp-json\/wp\/v2\/tags?post=12246"},{"taxonomy":"tribe_events_cat","embeddable":true,"href":"http:\/\/www.liegenatation.be\/Web\/wp-json\/wp\/v2\/tribe_events_cat?post=12246"}],"curies":[{"name":"wp","href":"https:\/\/api.w.org\/{rel}","templated":true}]}}

<p>Avant programme : <a href="http://www.liegenatation.be/Web/wp-content/uploads/2015/10/20151024-GP-Huy-AP.pdf" target="_blank">20151024-GP-Huy-AP.pdf</a></p>
<p><a href="http://www.liegenatation.be/Web/wp-content/uploads/2015/10/20151024-GP-Huy-AP.pdf" target="_blank"><img loading="lazy" decoding="async" class="alignleft wp-image-11073" src="http://www.liegenatation.be/Web/wp-content/uploads/2015/01/Demandez-le-programme.jpg" alt="Demandez le programme" width="316" height="234" /></a></p>
<p>&nbsp;</p>
<p>&nbsp;</p>
<p>&nbsp;</p>
<p>&nbsp;</p>
<p>&nbsp;</p>
<p>&nbsp;</p>
<p>&nbsp;</p>
<p>08h00 Ouverture des portes et début de l’échauffement<br />
08h30 Réunion des délégués – Formation du Jury<br />
09h00 Début de la compétition</p>
<p>13h00 Ouverture des portes et début de l’échauffement<br />
13h30 Réunion des délégués – Formation du Jury<br />
14h00 Début de la compétition</p>
<p>&nbsp;</p>

<p>Avant programme : 20151024-GP-Huy-AP.pdf &nbsp; &nbsp; &nbsp; &nbsp; &nbsp; &nbsp; &nbsp; 08h00 Ouverture des portes et début de l’échauffement 08h30 Réunion des délégués – Formation du Jury 09h00 Début de la &hellip; </p>
<p class="link-more"><a href="http://www.liegenatation.be/Web/event/grand-prix-de-la-ville-de-huy-2/" class="more-link">Continuer la lecture<span class="screen-reader-text"> de &laquo;&nbsp;Grand Prix de la ville de Huy&nbsp;&raquo;</span></a></p>
