{"id":12914,"date":"2016-06-26T12:04:02","date_gmt":"2016-06-26T11:04:02","guid":{"rendered":"http:\/\/www.liegenatation.be\/Web\/?post_type=tribe_events&amp;p=12914"},"modified":"2016-06-26T12:04:02","modified_gmt":"2016-06-26T11:04:02","slug":"depart-stage-dete-a-vittel","status":"publish","type":"tribe_events","link":"http:\/\/www.liegenatation.be\/Web\/event\/depart-stage-dete-a-vittel\/","title":{"rendered":"D\u00e9part stage d&#8217;\u00e9t\u00e9 \u00e0 Vittel"},"content":{"rendered":"<p>D\u00e9part de la piscine de Crisn\u00e9e avec Andr\u00e9, Eric et Mathieu.<\/p>\n<p><a href=\"http:\/\/www.vittel-sports.eu\/fr\/chalet.html\">http:\/\/www.vittel-sports.eu\/fr\/chalet.html<\/a><\/p>\n<p><img loading=\"lazy\" decoding=\"async\" class=\"alignleft size-full wp-image-12915\" src=\"http:\/\/www.liegenatation.be\/Web\/wp-content\/uploads\/2016\/06\/556_356_1_centrepdecoubertin.jpg\" alt=\"556_356_1_centrepdecoubertin\" width=\"556\" height=\"356\" \/><\/p>\n","protected":false},"excerpt":{"rendered":"<p>D\u00e9part de la piscine de Crisn\u00e9e avec Andr\u00e9, Eric et Mathieu. http:\/\/www.vittel-sports.eu\/fr\/chalet.html<\/p>\n","protected":false},"author":2,"featured_media":0,"template":"","meta":{"ngg_post_thumbnail":0,"_tribe_events_status":"","_tribe_events_status_reason":"","footnotes":""},"tags":[],"tribe_events_cat":[],"class_list":["post-12914","tribe_events","type-tribe_events","status-publish","hentry"],"_links":{"self":[{"href":"http:\/\/www.liegenatation.be\/Web\/wp-json\/wp\/v2\/tribe_events\/12914","targetHints":{"allow":["GET"]}}],"collection":[{"href":"http:\/\/www.liegenatation.be\/Web\/wp-json\/wp\/v2\/tribe_events"}],"about":[{"href":"http:\/\/www.liegenatation.be\/Web\/wp-json\/wp\/v2\/types\/tribe_events"}],"author":[{"embeddable":true,"href":"http:\/\/www.liegenatation.be\/Web\/wp-json\/wp\/v2\/users\/2"}],"version-history":[{"count":0,"href":"http:\/\/www.liegenatation.be\/Web\/wp-json\/wp\/v2\/tribe_events\/12914\/revisions"}],"wp:attachment":[{"href":"http:\/\/www.liegenatation.be\/Web\/wp-json\/wp\/v2\/media?parent=12914"}],"wp:term":[{"taxonomy":"post_tag","embeddable":true,"href":"http:\/\/www.liegenatation.be\/Web\/wp-json\/wp\/v2\/tags?post=12914"},{"taxonomy":"tribe_events_cat","embeddable":true,"href":"http:\/\/www.liegenatation.be\/Web\/wp-json\/wp\/v2\/tribe_events_cat?post=12914"}],"curies":[{"name":"wp","href":"https:\/\/api.w.org\/{rel}","templated":true}]}}

Départ stage d&#8217;été à Vittel

<p>Départ de la piscine de Crisnée avec André, Eric et Mathieu.</p>
<p><a href="http://www.vittel-sports.eu/fr/chalet.html">http://www.vittel-sports.eu/fr/chalet.html</a></p>
<p><img loading="lazy" decoding="async" class="alignleft size-full wp-image-12915" src="http://www.liegenatation.be/Web/wp-content/uploads/2016/06/556_356_1_centrepdecoubertin.jpg" alt="556_356_1_centrepdecoubertin" width="556" height="356" /></p>

<p>Départ de la piscine de Crisnée avec André, Eric et Mathieu. http://www.vittel-sports.eu/fr/chalet.html</p>
