{"id":15270,"date":"2017-08-23T08:50:57","date_gmt":"2017-08-23T06:50:57","guid":{"rendered":"http:\/\/www.liegenatation.be\/Web\/?post_type=tribe_events&#038;p=15270"},"modified":"2017-08-23T08:51:43","modified_gmt":"2017-08-23T06:51:43","slug":"reprise-des-cours-a-ans-loncin","status":"publish","type":"tribe_events","link":"http:\/\/www.liegenatation.be\/Web\/event\/reprise-des-cours-a-ans-loncin\/","title":{"rendered":"reprise des cours \u00e0 Ans-Loncin"},"content":{"rendered":"<p>reprise de l&#8217;\u00e9cole de natation , des cours d&#8217;aquagym et d&#8217;aquabike \u00e0 la piscine d&#8217;Ans-Loncin.<\/p>\n","protected":false},"excerpt":{"rendered":"<p>reprise de l&#8217;\u00e9cole de natation , des cours d&#8217;aquagym et d&#8217;aquabike \u00e0 la piscine d&#8217;Ans-Loncin.<\/p>\n","protected":false},"author":2,"featured_media":0,"template":"","meta":{"ngg_post_thumbnail":0,"_tribe_events_status":"","_tribe_events_status_reason":"","footnotes":""},"tags":[],"tribe_events_cat":[],"class_list":["post-15270","tribe_events","type-tribe_events","status-publish","hentry"],"_links":{"self":[{"href":"http:\/\/www.liegenatation.be\/Web\/wp-json\/wp\/v2\/tribe_events\/15270","targetHints":{"allow":["GET"]}}],"collection":[{"href":"http:\/\/www.liegenatation.be\/Web\/wp-json\/wp\/v2\/tribe_events"}],"about":[{"href":"http:\/\/www.liegenatation.be\/Web\/wp-json\/wp\/v2\/types\/tribe_events"}],"author":[{"embeddable":true,"href":"http:\/\/www.liegenatation.be\/Web\/wp-json\/wp\/v2\/users\/2"}],"version-history":[{"count":1,"href":"http:\/\/www.liegenatation.be\/Web\/wp-json\/wp\/v2\/tribe_events\/15270\/revisions"}],"predecessor-version":[{"id":15271,"href":"http:\/\/www.liegenatation.be\/Web\/wp-json\/wp\/v2\/tribe_events\/15270\/revisions\/15271"}],"wp:attachment":[{"href":"http:\/\/www.liegenatation.be\/Web\/wp-json\/wp\/v2\/media?parent=15270"}],"wp:term":[{"taxonomy":"post_tag","embeddable":true,"href":"http:\/\/www.liegenatation.be\/Web\/wp-json\/wp\/v2\/tags?post=15270"},{"taxonomy":"tribe_events_cat","embeddable":true,"href":"http:\/\/www.liegenatation.be\/Web\/wp-json\/wp\/v2\/tribe_events_cat?post=15270"}],"curies":[{"name":"wp","href":"https:\/\/api.w.org\/{rel}","templated":true}]}}

reprise des cours à Ans-Loncin

<p>reprise de l&#8217;école de natation , des cours d&#8217;aquagym et d&#8217;aquabike à la piscine d&#8217;Ans-Loncin.</p>
