{"id":14196,"date":"2017-05-28T17:39:53","date_gmt":"2017-05-28T15:39:53","guid":{"rendered":"http:\/\/www.liegenatation.be\/Web\/?page_id=14196"},"modified":"2025-08-18T09:53:54","modified_gmt":"2025-08-18T07:53:54","slug":"cours-particuliers","status":"publish","type":"page","link":"https:\/\/www.liegenatation.be\/Web\/cours-particuliers\/","title":{"rendered":"Cours particuliers"},"content":{"rendered":"\n<p style=\"font-size:28px\"><span class=\"has-inline-color has-vivid-red-color\"><strong>Tarif des le\u00e7ons particuli\u00e8res \u00e0 Crisn\u00e9e<\/strong><\/span><\/p>\n\n\n\n\n\n<p class=\"has-normal-font-size\"><span class=\"has-inline-color has-black-color\">Pour les enfants, les cours particuliers se donnent pendant les heures d\u2019ouverture au public, ce qui vous permet \u00e9ventuellement de nager pendant le cours et de profiter du bassin avec votre enfant apr\u00e8s la le\u00e7on. Ils durent 20 minutes.<\/span><\/p>\n\n\n\n<p style=\"font-size:16px\"><strong><mark style=\"background-color:rgba(0, 0, 0, 0)\" class=\"has-inline-color has-black-color\">Enfants: <\/mark><\/strong><br><mark style=\"background-color:rgba(0, 0, 0, 0)\" class=\"has-inline-color has-black-color\">Carte de 4 s\u00e9ances de 20 min sur r\u00e9servation&nbsp;: 60\u20ac<\/mark><br><mark style=\"background-color:rgba(0, 0, 0, 0)\" class=\"has-inline-color has-black-color\">+ entr\u00e9es piscine sous forme d\u2019abonnement 10 bains : 45\u20ac<\/mark><\/p>\n\n\n\n<p style=\"font-size:16px\"><mark style=\"background-color:rgba(0, 0, 0, 0)\" class=\"has-inline-color has-black-color\"><strong>Adultes&nbsp;:<\/strong><\/mark><br><mark style=\"background-color:rgba(0, 0, 0, 0)\" class=\"has-inline-color has-black-color\">Carte de 4 s\u00e9ances de 30 min sur r\u00e9servation : 100 \u20ac<br>+ entr\u00e9es piscine sous forme d\u2019abonnement 10 bains : 50\u20ac<\/mark><\/p>\n\n\n\n<p><mark style=\"background-color:rgba(0, 0, 0, 0)\" class=\"has-inline-color has-black-color\"><strong>Contact:<\/strong> Els Gitsels (0476\/84 06 43) ou Quentin Laurent (0496\/90 38 80).<\/mark><\/p>\n","protected":false},"excerpt":{"rendered":"<p>Tarif des le\u00e7ons particuli\u00e8res \u00e0 Crisn\u00e9e Pour les enfants, les cours particuliers se donnent pendant les heures d\u2019ouverture au public, ce qui vous permet \u00e9ventuellement de nager pendant le cours &hellip; <\/p>\n<p class=\"link-more\"><a href=\"https:\/\/www.liegenatation.be\/Web\/cours-particuliers\/\" class=\"more-link\">Continuer la lecture<span class=\"screen-reader-text\"> de &laquo;&nbsp;Cours particuliers&nbsp;&raquo;<\/span><\/a><\/p>\n","protected":false},"author":2,"featured_media":0,"parent":0,"menu_order":10,"comment_status":"closed","ping_status":"closed","template":"","meta":{"ngg_post_thumbnail":0,"footnotes":""},"class_list":["post-14196","page","type-page","status-publish","hentry"],"_links":{"self":[{"href":"https:\/\/www.liegenatation.be\/Web\/wp-json\/wp\/v2\/pages\/14196","targetHints":{"allow":["GET"]}}],"collection":[{"href":"https:\/\/www.liegenatation.be\/Web\/wp-json\/wp\/v2\/pages"}],"about":[{"href":"https:\/\/www.liegenatation.be\/Web\/wp-json\/wp\/v2\/types\/page"}],"author":[{"embeddable":true,"href":"https:\/\/www.liegenatation.be\/Web\/wp-json\/wp\/v2\/users\/2"}],"replies":[{"embeddable":true,"href":"https:\/\/www.liegenatation.be\/Web\/wp-json\/wp\/v2\/comments?post=14196"}],"version-history":[{"count":39,"href":"https:\/\/www.liegenatation.be\/Web\/wp-json\/wp\/v2\/pages\/14196\/revisions"}],"predecessor-version":[{"id":23716,"href":"https:\/\/www.liegenatation.be\/Web\/wp-json\/wp\/v2\/pages\/14196\/revisions\/23716"}],"wp:attachment":[{"href":"https:\/\/www.liegenatation.be\/Web\/wp-json\/wp\/v2\/media?parent=14196"}],"curies":[{"name":"wp","href":"https:\/\/api.w.org\/{rel}","templated":true}]}}