{"id":443,"date":"2011-06-23T20:48:21","date_gmt":"2011-06-23T20:48:21","guid":{"rendered":"http:\/\/www.aure.nl\/Liege\/?page_id=443"},"modified":"2021-08-24T17:48:28","modified_gmt":"2021-08-24T15:48:28","slug":"presentation","status":"publish","type":"page","link":"https:\/\/www.liegenatation.be\/Web\/club\/presentation\/","title":{"rendered":"Pr\u00e9sentation"},"content":{"rendered":"<p>Le club a \u00e9t\u00e9 cr\u00e9\u00e9 le 12 mai 1987.<\/p>\n<p>Matricule FFBN 359<\/p>\n<p>&nbsp;<\/p>\n<ul>\n<li>Pr\u00e9sident et tr\u00e9sorier&nbsp;: Andr\u00e9 Henveaux<\/li>\n<li>Vice \u2013Pr\u00e9sident&nbsp;: Eric Hoste<\/li>\n<li>Secr\u00e9taire&nbsp;: Brigitte Legros<\/li>\n<\/ul>\n<p>Secr\u00e9tariat :<br \/>\nBrigitte FRANKEN-LEGROS<br \/>\nt\u00e9l: 0032 (0) 4 257.48.43<br \/>\nfax: 0032 (0) 4 257.66.86<br \/>\ne-mail:<a href=\"mailto:liege.natation@teledisnet.be\"><span style=\"color: #0000cc;\">liege.natation@skynet.be&nbsp;<\/span><\/a><br \/>\nbanque:&nbsp;BE48 0016 8446 5927<\/p>\n<figure id=\"attachment_1276\" aria-describedby=\"caption-attachment-1276\" style=\"width: 150px\" class=\"wp-caption alignleft\"><img loading=\"lazy\" decoding=\"async\" class=\"size-thumbnail wp-image-1276\" title=\"Andr\u00e9 Henveaux\" src=\"http:\/\/www.liegenatation.be\/Web\/wp-content\/uploads\/2011\/06\/Liege-Natation_18-07-11_011-150x150.jpg\" alt=\"\" width=\"150\" height=\"150\"><figcaption id=\"caption-attachment-1276\" class=\"wp-caption-text\">Andr\u00e9 Henveaux<\/figcaption><\/figure>\n<figure id=\"attachment_1273\" aria-describedby=\"caption-attachment-1273\" style=\"width: 150px\" class=\"wp-caption alignleft\"><a href=\"http:\/\/www.liegenatation.be\/Web\/wp-content\/uploads\/2011\/06\/t_brig_legr.jpg\"><img loading=\"lazy\" decoding=\"async\" class=\"size-thumbnail wp-image-1273\" title=\"Brigitte Legros\" src=\"http:\/\/www.liegenatation.be\/Web\/wp-content\/uploads\/2011\/06\/t_brig_legr-150x150.jpg\" alt=\"\" width=\"150\" height=\"150\"><\/a><figcaption id=\"caption-attachment-1273\" class=\"wp-caption-text\">Brigitte Legros<\/figcaption><\/figure>\n<figure id=\"attachment_1299\" aria-describedby=\"caption-attachment-1299\" style=\"width: 150px\" class=\"wp-caption alignleft\"><a href=\"http:\/\/www.liegenatation.be\/Web\/wp-content\/uploads\/2011\/06\/er.jpg\"><img loading=\"lazy\" decoding=\"async\" class=\"size-thumbnail wp-image-1299\" title=\"Eric Hoste\" src=\"http:\/\/www.liegenatation.be\/Web\/wp-content\/uploads\/2011\/06\/er-150x150.jpg\" alt=\"\" width=\"150\" height=\"150\"><\/a><figcaption id=\"caption-attachment-1299\" class=\"wp-caption-text\">Eric Hoste<\/figcaption><\/figure>\n<p>&nbsp;<\/p>\n<h3>&nbsp;<\/h3>\n<h3>&nbsp;<\/h3>\n<h3>&nbsp;<\/h3>\n<h3>&nbsp;<\/h3>\n<h3>&nbsp;<\/h3>\n<h3>&nbsp;<\/h3>\n<h3>Entra\u00eeneurs :<\/h3>\n<ul>\n<li>Andr\u00e9 Henveaux<\/li>\n<li>Els Gitsels<\/li>\n<li>Sylvie Hainaux<\/li>\n<\/ul>\n<p>&nbsp;<\/p>\n<h3>Moniteurs&nbsp;:<\/h3>\n<ul>\n<li>Acclimatation&nbsp;: Ga\u00ebtan Lambert<\/li>\n<li>Apprentissage&nbsp;: Sylvie Hainaux<\/li>\n<li>Perfectionnement&nbsp;: Els Gitsels<\/li>\n<li>Adultes apprentissage&nbsp;: Brigitte Legros<\/li>\n<li>Adultes perfectionnement&nbsp;:&nbsp;Damien Materne<\/li>\n<\/ul>\n<p>&nbsp;<\/p>\n<ul>\n<li>Responsables \u00e9cole&nbsp;et bassin: Damien Materne et Els Gitsels<\/li>\n<li>Responsable \u00e9cole de natation&nbsp;: Brigitte Legros<\/li>\n<li>Responsable \u00e9cole de natation Loncin: Sylvie Baccus<\/li>\n<\/ul>\n","protected":false},"excerpt":{"rendered":"<p>Le club a \u00e9t\u00e9 cr\u00e9\u00e9 le 12 mai 1987. Matricule FFBN 359 &nbsp; Pr\u00e9sident et tr\u00e9sorier&nbsp;: Andr\u00e9 Henveaux Vice \u2013Pr\u00e9sident&nbsp;: Eric Hoste Secr\u00e9taire&nbsp;: Brigitte Legros Secr\u00e9tariat : Brigitte FRANKEN-LEGROS t\u00e9l: &hellip; <\/p>\n<p class=\"link-more\"><a href=\"https:\/\/www.liegenatation.be\/Web\/club\/presentation\/\" class=\"more-link\">Continuer la lecture<span class=\"screen-reader-text\"> de &laquo;&nbsp;Pr\u00e9sentation&nbsp;&raquo;<\/span><\/a><\/p>\n","protected":false},"author":2,"featured_media":0,"parent":438,"menu_order":1,"comment_status":"closed","ping_status":"closed","template":"","meta":{"ngg_post_thumbnail":0,"footnotes":""},"class_list":["post-443","page","type-page","status-publish","hentry"],"_links":{"self":[{"href":"https:\/\/www.liegenatation.be\/Web\/wp-json\/wp\/v2\/pages\/443","targetHints":{"allow":["GET"]}}],"collection":[{"href":"https:\/\/www.liegenatation.be\/Web\/wp-json\/wp\/v2\/pages"}],"about":[{"href":"https:\/\/www.liegenatation.be\/Web\/wp-json\/wp\/v2\/types\/page"}],"author":[{"embeddable":true,"href":"https:\/\/www.liegenatation.be\/Web\/wp-json\/wp\/v2\/users\/2"}],"replies":[{"embeddable":true,"href":"https:\/\/www.liegenatation.be\/Web\/wp-json\/wp\/v2\/comments?post=443"}],"version-history":[{"count":3,"href":"https:\/\/www.liegenatation.be\/Web\/wp-json\/wp\/v2\/pages\/443\/revisions"}],"predecessor-version":[{"id":17893,"href":"https:\/\/www.liegenatation.be\/Web\/wp-json\/wp\/v2\/pages\/443\/revisions\/17893"}],"up":[{"embeddable":true,"href":"https:\/\/www.liegenatation.be\/Web\/wp-json\/wp\/v2\/pages\/438"}],"wp:attachment":[{"href":"https:\/\/www.liegenatation.be\/Web\/wp-json\/wp\/v2\/media?parent=443"}],"curies":[{"name":"wp","href":"https:\/\/api.w.org\/{rel}","templated":true}]}}